 + 27?
36
Evaluate -94 + 93 + 20 - (0 - -27) - (-51 + 0).
43
What is -4 + 15 + (-20 - -2) - -76?
69
Evaluate 74 + -23 + 44 - 31.
64
Calculate -66 + (96 - -35) - 95.
-30
Evaluate -99 - (13 + -18 + 17 - (-3 + (-5 - -15))).
-104
What is 3 - 1 - (-16 + -2 - (-15 + (55 - 26)))?
34
Calculate 11 + -20 + (-12 - (13 + -42)) - -3.
11
What is the value of (-223 + 246 - (90 + 1)) + (1 - 0) + 0?
-67
31 + (45 - -62) + -75
63
What is the value of (0 - 21 - -9 - (2 - 2)) + 71?
59
What is (-12 - (30 + -25)) + 16 + (2 + 13 - 0)?
14
Evaluate 2 + -3 + (-8 - -16) + 0 + -8.
-1
Evaluate (52 - 313) + 84 - -143.
-34
What is the value of 0 - 15 - (1111 - 1089) - (-2 - 17)?
-18
Calculate 182 + (-6 - 35) + -29.
112
(-23 - (-7 + -7 + -6)) + 8
5
-38 + (-2 - -49 - 46)
-37
Evaluate (-595 - -546) + 4 + 4 + 4.
-37
Calculate 33 - (20 - (-11 - -31)) - 9.
24
Evaluate 5 + -3 + (41 - 43) + -2 + -2 + -68.
-72
-8 + 2 + -32 + 0 - (-273 - -253)
-18
-14 - ((-356 - -342) + (1 + 1 - -111))
-113
What is the value of 6 - (0 + -9 + (27 - 9 - 6) + 50)?
-47
137 - ((-92 - -56) + (2 - -53))
118
What is the value of (2 + 7 - 11) + 9 - (125 - 80)?
-38
Calculate (-18 - -17) + (6 - 12) + -24.
-31
Calculate -68 - 12 - (24 - 93).
-11
What is the value of 1 + 0 + 712 + -716 - (0 + 46)?
-49
Evaluate (19 - (50 + -25) - -29) + -58.
-35
Evaluate (15 - 33) + -29 - (2 - 23).
-26
What is -114 + (-117 - -202) - (0 - 26)?
-3
What is the value of (-5 + 3 - -68) + (171 - 194)?
43
What is the value of (-81 - (-4 + 3)) + (-2323 - -2347)?
-56
What is 2887 + -2971 - (-2 + -123)?
41
101 + -40 + (-8 - -5) + 1
59
Calculate -27 - (-50 + 16 + 2) - -60.
65
What is the value of -1 + 4 + (4 - 14 - -7 - (-2 + 1))?
1
What is the value of -109 - (-68 - (-166 - -91))?
-116
What is -50 - (7 + 2 + (-93 - -96))?
-62
Evaluate (44 - -2) + 144 + -66 + -78.
46
What is 1 - 1 - (-7 + 4) - 7?
-4
What is 6 - 3 - 3 - (-9 - 17 - 34 - 7)?
67
Calculate -21 + -16 + (20 - (28 + -24)).
-21
What is 1625 + -1638 - (-2 - (-1 + 0 - 2))?
-14
Calculate 12 + (-7 - -4) + 12 + -3 + -66 + 6.
-42
What is 28 + -4 + -2 + -9 + -34?
-21
Calculate -17 - (-9 - (-9 + 35 - 10)).
8
What is (29 - (56 - 29)) + (-2 - (3 - 40))?
37
What is 16 - 29 - 9 - 20?
-42
1 + -9 + (-27 - -96) + (-8 + 16 - 8)
61
Calculate 3582 + -3616 - (0 + -2).
-32
What is the value of 8 + (84 - 51) - 7?
34
Calculate (-22 - 1) + ((-4 - -8) + -11 - 3).
-33
-11 + -102 - -31 - -197
115
Evaluate -1872 + 1870 + 0 + 0 + (-1 - -89).
86
Evaluate -200 + 163 + (83 - 33).
13
-14 - (18 + -17 + -8) - (-1 - 40) - -2
36
What is (-203 + 66 - -60) + (-14 - -10)?
-81
Calculate -1 + 22 + -4 - (-31 - (-13 + -19)).
16
What is the value of 7671 + -7673 - (2 + -15 + 2 - -1)?
8
What is the value of 9 + -40 + (-80 - -63) + 23?
-25
Calculate -38 - (-97 - (27 + -52)).
34
Calculate 24 + (-18 + -24 + 18 - 51).
-51
Evaluate 13 + 1 - (44 + -4 + -59 - -5).
28
What is ((1 - (0 - -2)) + -3 - -25) + 66?
87
What is -21 - ((-35 - -21) + -20) - (0 - (-64 - -3))?
-48
Calculate (2 - (-26 + 11)) + (1 - 123) - -12.
-93
Evaluate 0 - (-11 + -15 - -15 - (-5 - -46)).
52
What is (-115 - -37 - -7) + 15?
-56
What is the value of -28 + -1 - ((0 - (16 + -2)) + (-1611 - -1617))?
-21
Evaluate 22 - (15 - 2 - -4) - (-6 + 4).
7
What is the value of (-1 - -16) + (-1 - 11) + (-54 - (-9 + 10))?
-52
What is the value of -95 + 219 - 115 - (0 + 11)?
-2
Calculate -6 - (14 + (-29 - -10) - 45).
44
Evaluate -87 - -143 - (89 + 5).
-38
Calculate -143 + 150 - ((1 - -42) + 3 + (-6 - -4)).
-37
What is the value of -44 + 1 + 2 + -7 + (279 - 282)?
-51
-739 - -714 - (-14 + 0 - 3)
-8
What is the value of 34 + ((4 - -6) + 18 + (-22 - -6) - 1)?
45
Evaluate 4 + -93 - (-64 - (-65 - -23)).
-67
Calculate (-3 - 0 - -10) + -1 - (-4 - -77).
-67
What is the value of 6 - (-76 - (-10 + 35 + -28))?
79
What is (-12 - -6) + 3 + -2 - ((-32 - -3) + 66)?
-42
Calculate -14 + 2 - (-95 + 0 + 21 + (46 - 51)).
67
Calculate 57 + (-40 - -12) + -19 + 0 + -2.
8
What is (-21 - (-9 + (-42 - -15))) + -10?
5
Evaluate 63 + 0 - ((12 - 2) + -5).
58
What is (-7 - 1) + (23 - 1 - -35 - (1 - -2))?
46
What is -1 - 0 - ((-8 - -3) + -10 + (-11 - -38))?
-13
What is the value of -8 - (-6 + 3 + -1) - (-12 - (8 + 31))?
47
Evaluate (-17 - -18) + (-319 - -448).
130
Calculate (34 - 0) + 29 + (-48 - -16) + 3.
34
1 + 20 - ((63 - 77) + 24)
11
What is the value of 2 - ((-16 - 11) + 26)?
3
Calculate 20 - (95 - 42 - 7).
-26
Calculate 86 + -64 + (-14 - -1) + -21 - 13.
-25
Evaluate -30 - ((-31 - (-2 - 14) - -1) + 6).
-22
What is 57 + (-17 + 17 - (3 - 0)) - (26 - 38)?
66
What is the value of -80 + -80 + 211 + -17?
34
What is (1714 - 1710) + (27 - (1 + 0))?
30
Evaluate -33 + (-78 - (-17 + 16 - 16)).
-94
Calculate 24 + (-30 - (14 + -26)) + 5 + -12.
-1
Evaluate (-28 - -44) + -29 + -4 + 13.
-4
What is (-3 - 55 - (-2 - (7 - 21))) + 12?
-58
What is the value of -1 + (-27 - -12) + -112 + 30?
-98
Evaluate 31 - (77 - 19) - -14.
-13
What is the value of -19 + 15 + 13 + -3 - -15?
21
Evaluate -7 - (40 - 51) - -40.
44
Calculate 0 + -1 + -33 + (-520 - -536).
-18
What is 0 + (0 - 3) - (1 + -56)?
52
Calculate 2537 - 2496 - (-1 + -48).
90
Evaluate -7 - (-215 + 184) - (8 + 0).
16
-73 - (-12 - 47) - (6 - 11)
-9
What is 1 + 14 + (-4 - ((7 - 31) + (8 - -103)))?
-76
158 + -65 + -6 + 11 + 21
119
2952 + -3053 + 1 + 67
-33
What is -77 - ((-18 - -17 - 9) + -9)?
-58
Calculate -5 + 6 + -16 + 6 + -9 + 3.
-15
Evaluate (-10 + 2 - 11) + -16.
-35
Calculate -1289 - -1290 - (16 - 3).
-12
Calculate -3343 - -3326 - (1 - -20) - (1 + -6).
-33
What is the value of (3 - 19) + -998 + 1025?
11
Evaluate 28 - (-98 + -4 + 196).
-66
Evaluate 12 + (5 - 13 - -3) + 8 + (4 - 9).
10
-41 - (90 + -206) - (-25 + 5)
95
Calculate -9 + (0 - 94) - -7.
-96
What is the value of -9 + (-16 + 9 + 4 - (-62 + 2 + 5))?
43
What is (0 + 3 + -16 - (615 + -616)) + -41?
-53
Evaluate 76 + 4 + (42 - -17).
139
What is 564 + -478 - (25 - 1)?
62
-8 + (-16 - -19) + 14 - (2 + 31 + 1)
-25
Evaluate -52 - (2 - 22) - (-1 + 16 - 3).
-44
(-4 - 5 - -2) + -95 + -1 + 13
-90
What is -22 + -1 + (-739 - -726)?
-36
What is 37 + -32 + -14 + -14?
-23
What is the value of (-2297 - -2285) + 34 + (2 - -5) + 1 + -3?
27
Evaluate (-9 - -22) + -24 + 4 - -40.
33
Calculate 2942 + -2919 + 1 + -1 + 2.
25
What is 38 - 2 - (498 - 468)?
6
-1 + (24 - 10 - 0) - 32
-19
What is the value of (24 - 68 - -74 - -11) + (12 - (0 + 2))?
51
What is the value of (1 - -1) + (-298 - -290) - (57 + -5 - -2)?
-60
What is the value of 117 + -15 - (15 + 156)?
-69
-147 + 177 + -211 + (76 - -1)
-104
Evaluate 7 - (-1 + 5) - (18 - ((-24 - -7) + 1)).
-31
-29 + 69 - (3 + -33) - -5
75
Calculate -979 - -937 - (1 - 221) - 37.
141
-7 + (2 - 3 - -6) + -132 + 128
-6
What is the value of -5 + (13 - 50) + 0 + -7 + 0 + 1?
-48
Calculate -14 + 13 + 42 + -37 + 3 + 3 + -57.
-47
What is the value of 261 + -257 + (-14 + 6 - 3)?
-7
What is -12 + (13 + 0 - (20 + -34 + 33))?
-18
-24 + 46 + (13 - 0 - (-386 + 402))
19
29 + 21 - 69 - (1 - -19)
-39
8 + 7 + (-7 - -24 - 27)
5
What is (2452 - 2422) + (-3 - 148)?
-121
What is (5 - 0) + (-12 + (23 + -13 - 25) - -14)?
-8
Calculate 4 - (-9 + 47 + 12 - 14 - 12).
-20
Evaluate 60 + -67 - (3 + -29).
19
Calculate 14 + (26 - 64 - -13) + 26.
15
What is the value of 0 + -10 - 0 - ((-22 - 23) + 43 + 23)?
-31
Calculate 0 - -9 - ((-11 - -1 - -21) + 31).
-33
Calculate 8 + (44 + -3 - -1 - (4 + 10 + -24)).
60
What is 10 - (-17 + (-11 - -30) + -65)?
73
Evaluate -1 - (1 - 4) - (77 + 55 + -27 + -14).
-89
What is -3205 + 3204 + (-2 + -7 - (1 - 2))?
-9
What is the value of (-6 - -15) + -53 + 1?
-43
Calculate -48 + (6 - (-2 + (-6 - 2) - (-13 + 5))).
-40
What is the value of -1 - (-5 + 10 + 6 + -18 + 6 - 49)?
49
What is the value of 19 - (-8 + 9 + (15 - 12))?
15
What is 2 + -41 - (281 - 363)?
43
Evaluate (10 - (46 + (21 - 42))) + -55.
-70
25 + (6 - 29) + 15 + -5
12
Evaluate (-4 + -8 + 7 - -5 - -9) + -14 - -2.
-3
What is (-41 - (-39 + 57 + -24)) + -42?
-77
What is the value of 4 + -46 + (-7 - -8) + (4 - (1 + -4))?
-34
What is the value of -25 + -27 + (96 - 36)?
8
(0 - (37 - 30 - 16)) + 49
58
Evaluate (2 - ((15 - 26) + (-1 - -24))) + 86 + 3.
79
Calculate 11 + (39 + -129 - -102).
23
Evaluate (-4 - 37) + (-144 - -211).
26
Evaluate (10 - (-8 + 15)) + (-68 - (-16 + 13 - 0)).
-62
Calculate -27 - (-29 - -64) - (-3 - (-2 - -4)).
-57
72 + 3 + 3 + -45 + (-92 - -